{"id":1967,"date":"2023-06-26T16:51:23","date_gmt":"2023-06-26T19:51:23","guid":{"rendered":"https:\/\/siye.com.ar\/?page_id=1967"},"modified":"2023-07-05T09:29:58","modified_gmt":"2023-07-05T12:29:58","slug":"casa-evm","status":"publish","type":"page","link":"https:\/\/siye.com.ar\/index.php\/casa-evm\/","title":{"rendered":"Casa EVM"},"content":{"rendered":"\t\t<div data-elementor-type=\"wp-page\" data-elementor-id=\"1967\" class=\"elementor elementor-1967\">\n\t\t\t\t\t\t<section class=\"elementor-section elementor-top-section elementor-element elementor-element-62272505 elementor-section-boxed elementor-section-height-default elementor-section-height-default\" data-id=\"62272505\" data-element_type=\"section\">\n\t\t\t\t\t\t<div class=\"elementor-container elementor-column-gap-default\">\n\t\t\t\t\t<div class=\"elementor-column elementor-col-100 elementor-top-column elementor-element elementor-element-45386f5a\" data-id=\"45386f5a\" data-element_type=\"column\">\n\t\t\t<div class=\"elementor-widget-wrap elementor-element-populated\">\n\t\t\t\t\t\t<div class=\"elementor-element elementor-element-16d06e61 elementor-widget elementor-widget-heading\" data-id=\"16d06e61\" data-element_type=\"widget\" data-widget_type=\"heading.default\">\n\t\t\t\t<div class=\"elementor-widget-container\">\n\t\t\t<h2 class=\"elementor-heading-title elementor-size-default\">- CASA EVM -<\/h2>\t\t<\/div>\n\t\t\t\t<\/div>\n\t\t\t\t\t<\/div>\n\t\t<\/div>\n\t\t\t\t\t<\/div>\n\t\t<\/section>\n\t\t\t\t<section class=\"elementor-section elementor-top-section elementor-element elementor-element-40e9b45f elementor-section-boxed elementor-section-height-default elementor-section-height-default\" data-id=\"40e9b45f\" data-element_type=\"section\">\n\t\t\t\t\t\t<div class=\"elementor-container elementor-column-gap-default\">\n\t\t\t\t\t<div class=\"elementor-column elementor-col-100 elementor-top-column elementor-element elementor-element-3b190661\" data-id=\"3b190661\" data-element_type=\"column\">\n\t\t\t<div class=\"elementor-widget-wrap elementor-element-populated\">\n\t\t\t\t\t\t<div class=\"elementor-element elementor-element-364d260 elementor-widget-divider--view-line elementor-widget elementor-widget-divider\" data-id=\"364d260\" data-element_type=\"widget\" data-widget_type=\"divider.default\">\n\t\t\t\t<div class=\"elementor-widget-container\">\n\t\t\t\t\t<div class=\"elementor-divider\">\n\t\t\t<span class=\"elementor-divider-separator\">\n\t\t\t\t\t\t<\/span>\n\t\t<\/div>\n\t\t\t\t<\/div>\n\t\t\t\t<\/div>\n\t\t\t\t<div class=\"elementor-element elementor-element-413150ee elementor-widget elementor-widget-text-editor\" data-id=\"413150ee\" data-element_type=\"widget\" data-widget_type=\"text-editor.default\">\n\t\t\t\t<div class=\"elementor-widget-container\">\n\t\t\t\t\t\t\t<ul><li>Proyecto: <strong>Slepoy estudio + Arq. Francisco Ribero.<\/strong><\/li><li>Construcci\u00f3n y direcci\u00f3n de obra: <strong>SIYE.<\/strong><\/li><li>Ubicaci\u00f3n: <strong>Estancia Villa Mar\u00eda,<\/strong>\u00a0<strong>M\u00e1ximo Paz, Provincia de Buenos Aires.<\/strong><\/li><li>A\u00f1o de finalizaci\u00f3n: <strong>2022.<\/strong><\/li><li>Categor\u00eda: <strong>Obra nueva.<\/strong><\/li><\/ul>\t\t\t\t\t\t<\/div>\n\t\t\t\t<\/div>\n\t\t\t\t\t<\/div>\n\t\t<\/div>\n\t\t\t\t\t<\/div>\n\t\t<\/section>\n\t\t\t\t<section class=\"elementor-section elementor-top-section elementor-element elementor-element-1229d86c elementor-section-boxed elementor-section-height-default elementor-section-height-default\" data-id=\"1229d86c\" data-element_type=\"section\">\n\t\t\t\t\t\t<div class=\"elementor-container elementor-column-gap-default\">\n\t\t\t\t\t<div class=\"elementor-column elementor-col-100 elementor-top-column elementor-element elementor-element-58548a5b\" data-id=\"58548a5b\" data-element_type=\"column\">\n\t\t\t<div class=\"elementor-widget-wrap elementor-element-populated\">\n\t\t\t\t\t\t<div class=\"elementor-element elementor-element-10a38bbf elementor-widget elementor-widget-shortcode\" data-id=\"10a38bbf\" data-element_type=\"widget\" data-widget_type=\"shortcode.default\">\n\t\t\t\t<div class=\"elementor-widget-container\">\n\t\t\t\t\t<div class=\"elementor-shortcode\"><!-- Final Tiles Grid Gallery for WordPress v3.5.8 free --><style>#ftg-3939 .tile .icon { color:#ffffff; }#ftg-3939 .ftg-items .loading-bar i { background:#666; }#ftg-3939 .ftg-items .loading-bar { background:#fff; }#ftg-3939 .tile .icon { font-size:12px; }#ftg-3939 .tile .icon { margin: -6px 0 0 -6px; }#ftg-3939 .tile .caption-block .text-wrapper span.text { font-size:12px; }#ftg-3939 .tile .caption-outside .text-wrapper span.text { font-size:12px; }#ftg-3939 .tile .caption-block .text-wrapper span.title { font-size:14px; }#ftg-3939 .tile .caption-outside .text-wrapper span.title { font-size:14px; }#ftg-3939 .tile { background-color: transparent; }#ftg-3939 .tile .caption-block .text-wrapper span.text { color: #ffffff; }#ftg-3939 .tile .caption-block .text-wrapper span.title { color: #ffffff; }#ftg-3939 .tile .caption-outside .text-wrapper span.text { color: #ffffff; }#ftg-3939 .tile .caption-outside .text-wrapper span.title { color: #ffffff; }#ftg-3939 .tile .ftg-social a { color: #ffffff; }#ftg-3939 .tile .caption-block { transition-duration:0.25s; }#ftg-3939 .tile .tile-inner:before { background-color: #000000; }#ftg-3939 .tile .tile-inner:before { background-color: rgba(0, 0, 0, 0.8); }#ftg-3939 .tile:hover img {-moz-transform: -moz-rotate(0deg) -moz-scale(0) ;-webkit-transform: -webkit-rotate(0deg) -webkit-scale(0) ;-o-transform: -o-rotate(0deg) -o-scale(0) ;-ms-transform: -ms-rotate(0deg) -ms-scale(0) ;transform: rotate(0deg) scale(0) ;}<\/style><a name='39'><\/a><div class='final-tiles-gallery  ftg-hover-enabled caption-inside  caption-none caption-middle caption-center' id='ftg-3939' style='width:100%'><div class='ftg-items'><div class='loading-bar'><i><\/i><\/div><div  class='tile ftg-preload  '><a title=\"\" data-lightbox='ftg-3939' rel='ftg-3939'  class=' tile-inner  ftg-lightbox' href='https:\/\/siye.com.ar\/wp-content\/uploads\/2023\/06\/Casa-EVM_-alta_SIYEarq_35-min-1024x576.jpg' ><img alt='' class='item skip-lazy' data-class='item' data-ftg-source='https:\/\/siye.com.ar\/wp-content\/uploads\/2023\/06\/Casa-EVM_-alta_SIYEarq_35-min-1024x576.jpg' src='https:\/\/siye.com.ar\/wp-content\/uploads\/2023\/06\/Casa-EVM_-alta_SIYEarq_35-min-1024x576.jpg' width='1024' height='576' \/><\/a><div class='ftg-social'><\/div><\/div><div  class='tile ftg-preload  '><a title=\"\" data-lightbox='ftg-3939' rel='ftg-3939'  class=' tile-inner  ftg-lightbox' href='https:\/\/siye.com.ar\/wp-content\/uploads\/2023\/06\/Casa-EVM_-alta_SIYEarq_1-min-1024x576.jpg' ><img alt='' class='item skip-lazy' data-class='item' data-ftg-source='https:\/\/siye.com.ar\/wp-content\/uploads\/2023\/06\/Casa-EVM_-alta_SIYEarq_1-min-1024x576.jpg' src='https:\/\/siye.com.ar\/wp-content\/uploads\/2023\/06\/Casa-EVM_-alta_SIYEarq_1-min-1024x576.jpg' width='1024' height='576' \/><\/a><div class='ftg-social'><\/div><\/div><div  class='tile ftg-preload  '><a title=\"\" data-lightbox='ftg-3939' rel='ftg-3939'  class=' tile-inner  ftg-lightbox' href='https:\/\/siye.com.ar\/wp-content\/uploads\/2023\/06\/Casa-EVM_-alta_SIYEarq_3-768x1024.jpg' ><img alt='' class='item skip-lazy' data-class='item' data-ftg-source='https:\/\/siye.com.ar\/wp-content\/uploads\/2023\/06\/Casa-EVM_-alta_SIYEarq_3-768x1024.jpg' src='https:\/\/siye.com.ar\/wp-content\/uploads\/2023\/06\/Casa-EVM_-alta_SIYEarq_3-768x1024.jpg' width='768' height='1024' \/><\/a><div class='ftg-social'><\/div><\/div><div  class='tile ftg-preload  '><a title=\"\" data-lightbox='ftg-3939' rel='ftg-3939'  class=' tile-inner  ftg-lightbox' href='https:\/\/siye.com.ar\/wp-content\/uploads\/2023\/06\/Casa-EVM_-alta_SIYEarq_37-edit-1024x576.jpg' ><img alt='' class='item skip-lazy' data-class='item' data-ftg-source='https:\/\/siye.com.ar\/wp-content\/uploads\/2023\/06\/Casa-EVM_-alta_SIYEarq_37-edit-1024x576.jpg' src='https:\/\/siye.com.ar\/wp-content\/uploads\/2023\/06\/Casa-EVM_-alta_SIYEarq_37-edit-1024x576.jpg' width='1024' height='576' \/><\/a><div class='ftg-social'><\/div><\/div><div  class='tile ftg-preload  '><a title=\"\" data-lightbox='ftg-3939' rel='ftg-3939'  class=' tile-inner  ftg-lightbox' href='https:\/\/siye.com.ar\/wp-content\/uploads\/2023\/06\/Casa-EVM_-alta_SIYEarq_36-edit-1024x576.jpg' ><img alt='' class='item skip-lazy' data-class='item' data-ftg-source='https:\/\/siye.com.ar\/wp-content\/uploads\/2023\/06\/Casa-EVM_-alta_SIYEarq_36-edit-1024x576.jpg' src='https:\/\/siye.com.ar\/wp-content\/uploads\/2023\/06\/Casa-EVM_-alta_SIYEarq_36-edit-1024x576.jpg' width='1024' height='576' \/><\/a><div class='ftg-social'><\/div><\/div><div  class='tile ftg-preload  '><a title=\"\" data-lightbox='ftg-3939' rel='ftg-3939'  class=' tile-inner  ftg-lightbox' href='https:\/\/siye.com.ar\/wp-content\/uploads\/2023\/06\/Casa-EVM_-alta_SIYEarq_32-683x1024.jpg' ><img alt='' class='item skip-lazy' data-class='item' data-ftg-source='https:\/\/siye.com.ar\/wp-content\/uploads\/2023\/06\/Casa-EVM_-alta_SIYEarq_32-683x1024.jpg' src='https:\/\/siye.com.ar\/wp-content\/uploads\/2023\/06\/Casa-EVM_-alta_SIYEarq_32-683x1024.jpg' width='683' height='1024' \/><\/a><div class='ftg-social'><\/div><\/div><div  class='tile ftg-preload  '><a title=\"\" data-lightbox='ftg-3939' rel='ftg-3939'  class=' tile-inner  ftg-lightbox' href='https:\/\/siye.com.ar\/wp-content\/uploads\/2023\/06\/Casa-EVM_-alta_SIYEarq_31-edit-1024x576.jpg' ><img alt='' class='item skip-lazy' data-class='item' data-ftg-source='https:\/\/siye.com.ar\/wp-content\/uploads\/2023\/06\/Casa-EVM_-alta_SIYEarq_31-edit-1024x576.jpg' src='https:\/\/siye.com.ar\/wp-content\/uploads\/2023\/06\/Casa-EVM_-alta_SIYEarq_31-edit-1024x576.jpg' width='1024' height='576' \/><\/a><div class='ftg-social'><\/div><\/div><div  class='tile ftg-preload  '><a title=\"\" data-lightbox='ftg-3939' rel='ftg-3939'  class=' tile-inner  ftg-lightbox' href='https:\/\/siye.com.ar\/wp-content\/uploads\/2023\/06\/Casa-EVM_-alta_SIYEarq_34-edit-1024x576.jpg' ><img alt='' class='item skip-lazy' data-class='item' data-ftg-source='https:\/\/siye.com.ar\/wp-content\/uploads\/2023\/06\/Casa-EVM_-alta_SIYEarq_34-edit-1024x576.jpg' src='https:\/\/siye.com.ar\/wp-content\/uploads\/2023\/06\/Casa-EVM_-alta_SIYEarq_34-edit-1024x576.jpg' width='1024' height='576' \/><\/a><div class='ftg-social'><\/div><\/div><div  class='tile ftg-preload  '><a title=\"\" data-lightbox='ftg-3939' rel='ftg-3939'  class=' tile-inner  ftg-lightbox' href='https:\/\/siye.com.ar\/wp-content\/uploads\/2023\/06\/Casa-EVM_-alta_SIYEarq_9-1024x683.jpg' ><img alt='' class='item skip-lazy' data-class='item' data-ftg-source='https:\/\/siye.com.ar\/wp-content\/uploads\/2023\/06\/Casa-EVM_-alta_SIYEarq_9-1024x683.jpg' src='https:\/\/siye.com.ar\/wp-content\/uploads\/2023\/06\/Casa-EVM_-alta_SIYEarq_9-1024x683.jpg' width='1024' height='683' \/><\/a><div class='ftg-social'><\/div><\/div><div  class='tile ftg-preload  '><a title=\"\" data-lightbox='ftg-3939' rel='ftg-3939'  class=' tile-inner  ftg-lightbox' href='https:\/\/siye.com.ar\/wp-content\/uploads\/2023\/06\/Casa-EVM_-alta_SIYEarq_2-edit-min-1024x576.jpg' ><img alt='' class='item skip-lazy' data-class='item' data-ftg-source='https:\/\/siye.com.ar\/wp-content\/uploads\/2023\/06\/Casa-EVM_-alta_SIYEarq_2-edit-min-1024x576.jpg' src='https:\/\/siye.com.ar\/wp-content\/uploads\/2023\/06\/Casa-EVM_-alta_SIYEarq_2-edit-min-1024x576.jpg' width='1024' height='576' \/><\/a><div class='ftg-social'><\/div><\/div><div  class='tile ftg-preload  '><a title=\"\" data-lightbox='ftg-3939' rel='ftg-3939'  class=' tile-inner  ftg-lightbox' href='https:\/\/siye.com.ar\/wp-content\/uploads\/2023\/06\/Casa-EVM_-alta_SIYEarq_12-1024x683.jpg' ><img alt='' class='item skip-lazy' data-class='item' data-ftg-source='https:\/\/siye.com.ar\/wp-content\/uploads\/2023\/06\/Casa-EVM_-alta_SIYEarq_12-1024x683.jpg' src='https:\/\/siye.com.ar\/wp-content\/uploads\/2023\/06\/Casa-EVM_-alta_SIYEarq_12-1024x683.jpg' width='1024' height='683' \/><\/a><div class='ftg-social'><\/div><\/div><div  class='tile ftg-preload  '><a title=\"\" data-lightbox='ftg-3939' rel='ftg-3939'  class=' tile-inner  ftg-lightbox' href='https:\/\/siye.com.ar\/wp-content\/uploads\/2023\/06\/Casa-EVM_-alta_SIYEarq_18-683x1024.jpg' ><img alt='' class='item skip-lazy' data-class='item' data-ftg-source='https:\/\/siye.com.ar\/wp-content\/uploads\/2023\/06\/Casa-EVM_-alta_SIYEarq_18-683x1024.jpg' src='https:\/\/siye.com.ar\/wp-content\/uploads\/2023\/06\/Casa-EVM_-alta_SIYEarq_18-683x1024.jpg' width='683' height='1024' \/><\/a><div class='ftg-social'><\/div><\/div><div  class='tile ftg-preload  '><a title=\"\" data-lightbox='ftg-3939' rel='ftg-3939'  class=' tile-inner  ftg-lightbox' href='https:\/\/siye.com.ar\/wp-content\/uploads\/2023\/06\/Casa-EVM_-alta_SIYEarq_7-1024x683.jpg' ><img alt='' class='item skip-lazy' data-class='item' data-ftg-source='https:\/\/siye.com.ar\/wp-content\/uploads\/2023\/06\/Casa-EVM_-alta_SIYEarq_7-1024x683.jpg' src='https:\/\/siye.com.ar\/wp-content\/uploads\/2023\/06\/Casa-EVM_-alta_SIYEarq_7-1024x683.jpg' width='1024' height='683' \/><\/a><div class='ftg-social'><\/div><\/div><div  class='tile ftg-preload  '><a title=\"\" data-lightbox='ftg-3939' rel='ftg-3939'  class=' tile-inner  ftg-lightbox' href='https:\/\/siye.com.ar\/wp-content\/uploads\/2023\/06\/Casa-EVM_-alta_SIYEarq_17-819x1024.jpg' ><img alt='' class='item skip-lazy' data-class='item' data-ftg-source='https:\/\/siye.com.ar\/wp-content\/uploads\/2023\/06\/Casa-EVM_-alta_SIYEarq_17-819x1024.jpg' src='https:\/\/siye.com.ar\/wp-content\/uploads\/2023\/06\/Casa-EVM_-alta_SIYEarq_17-819x1024.jpg' width='819' height='1024' \/><\/a><div class='ftg-social'><\/div><\/div><div  class='tile ftg-preload  '><a title=\"\" data-lightbox='ftg-3939' rel='ftg-3939'  class=' tile-inner  ftg-lightbox' href='https:\/\/siye.com.ar\/wp-content\/uploads\/2023\/06\/Casa-EVM_-alta_SIYEarq_21-683x1024.jpg' ><img alt='' class='item skip-lazy' data-class='item' data-ftg-source='https:\/\/siye.com.ar\/wp-content\/uploads\/2023\/06\/Casa-EVM_-alta_SIYEarq_21-683x1024.jpg' src='https:\/\/siye.com.ar\/wp-content\/uploads\/2023\/06\/Casa-EVM_-alta_SIYEarq_21-683x1024.jpg' width='683' height='1024' \/><\/a><div class='ftg-social'><\/div><\/div><div  class='tile ftg-preload  '><a title=\"\" data-lightbox='ftg-3939' rel='ftg-3939'  class=' tile-inner  ftg-lightbox' href='https:\/\/siye.com.ar\/wp-content\/uploads\/2023\/06\/Casa-EVM_-alta_SIYEarq_20-1024x683.jpg' ><img alt='' class='item skip-lazy' data-class='item' data-ftg-source='https:\/\/siye.com.ar\/wp-content\/uploads\/2023\/06\/Casa-EVM_-alta_SIYEarq_20-1024x683.jpg' src='https:\/\/siye.com.ar\/wp-content\/uploads\/2023\/06\/Casa-EVM_-alta_SIYEarq_20-1024x683.jpg' width='1024' height='683' \/><\/a><div class='ftg-social'><\/div><\/div><div  class='tile ftg-preload  '><a title=\"\" data-lightbox='ftg-3939' rel='ftg-3939'  class=' tile-inner  ftg-lightbox' href='https:\/\/siye.com.ar\/wp-content\/uploads\/2023\/06\/Casa-EVM_-alta_SIYEarq_24-819x1024.jpg' ><img alt='' class='item skip-lazy' data-class='item' data-ftg-source='https:\/\/siye.com.ar\/wp-content\/uploads\/2023\/06\/Casa-EVM_-alta_SIYEarq_24-819x1024.jpg' src='https:\/\/siye.com.ar\/wp-content\/uploads\/2023\/06\/Casa-EVM_-alta_SIYEarq_24-819x1024.jpg' width='819' height='1024' \/><\/a><div class='ftg-social'><\/div><\/div><div  class='tile ftg-preload  '><a title=\"\" data-lightbox='ftg-3939' rel='ftg-3939'  class=' tile-inner  ftg-lightbox' href='https:\/\/siye.com.ar\/wp-content\/uploads\/2023\/06\/Casa-EVM_-alta_SIYEarq_26-1024x683.jpg' ><img alt='' class='item skip-lazy' data-class='item' data-ftg-source='https:\/\/siye.com.ar\/wp-content\/uploads\/2023\/06\/Casa-EVM_-alta_SIYEarq_26-1024x683.jpg' src='https:\/\/siye.com.ar\/wp-content\/uploads\/2023\/06\/Casa-EVM_-alta_SIYEarq_26-1024x683.jpg' width='1024' height='683' \/><\/a><div class='ftg-social'><\/div><\/div><div  class='tile ftg-preload  '><a title=\"\" data-lightbox='ftg-3939' rel='ftg-3939'  class=' tile-inner  ftg-lightbox' href='https:\/\/siye.com.ar\/wp-content\/uploads\/2023\/06\/Casa-EVM_-alta_SIYEarq_30-683x1024.jpg' ><img alt='' class='item skip-lazy' data-class='item' data-ftg-source='https:\/\/siye.com.ar\/wp-content\/uploads\/2023\/06\/Casa-EVM_-alta_SIYEarq_30-683x1024.jpg' src='https:\/\/siye.com.ar\/wp-content\/uploads\/2023\/06\/Casa-EVM_-alta_SIYEarq_30-683x1024.jpg' width='683' height='1024' \/><\/a><div class='ftg-social'><\/div><\/div><div  class='tile ftg-preload  '><a title=\"\" data-lightbox='ftg-3939' rel='ftg-3939'  class=' tile-inner  ftg-lightbox' href='https:\/\/siye.com.ar\/wp-content\/uploads\/2023\/06\/Casa-EVM_-alta_SIYEarq_27-1024x683.jpg' ><img alt='' class='item skip-lazy' data-class='item' data-ftg-source='https:\/\/siye.com.ar\/wp-content\/uploads\/2023\/06\/Casa-EVM_-alta_SIYEarq_27-1024x683.jpg' src='https:\/\/siye.com.ar\/wp-content\/uploads\/2023\/06\/Casa-EVM_-alta_SIYEarq_27-1024x683.jpg' width='1024' height='683' \/><\/a><div class='ftg-social'><\/div><\/div><div  class='tile ftg-preload  '><a title=\"\" data-lightbox='ftg-3939' rel='ftg-3939'  class=' tile-inner  ftg-lightbox' href='https:\/\/siye.com.ar\/wp-content\/uploads\/2023\/06\/Casa-EVM_-alta_SIYEarq_29-1024x819.jpg' ><img alt='' class='item skip-lazy' data-class='item' data-ftg-source='https:\/\/siye.com.ar\/wp-content\/uploads\/2023\/06\/Casa-EVM_-alta_SIYEarq_29-1024x819.jpg' src='https:\/\/siye.com.ar\/wp-content\/uploads\/2023\/06\/Casa-EVM_-alta_SIYEarq_29-1024x819.jpg' width='1024' height='819' \/><\/a><div class='ftg-social'><\/div><\/div><\/div><\/div><script type='text\/javascript'>jQuery('#ftg-3939 img.item').removeAttr('src');jQuery(document).ready(function () {setTimeout(function () {jQuery('#ftg-3939').finalTilesGallery({minTileWidth: 250,margin: 10,loadMethod: 'sequential',nonce: '970cd7b497',galleryId: '39',setupFilters: true,layout: 'columns',debug: false,gridSize: 25,disableGridSizeBelow:800,allowEnlargement: true,columns: [[4000, 2],[1024, 2],[800, 2],[480, 2],[320, 2]],selectedFilter: 'n-a'});jQuery(function () {(function () {var rel = '';jQuery('#ftg-3939 .ftg-lightbox').click(function (e) {rel = jQuery(this).attr('rel');jQuery('#ftg-3939 .ftg-current').removeClass('ftg-current');jQuery('#ftg-3939 [rel=\"'+rel+'\"]').addClass('ftg-current');});})();});}, 0);});<\/script><\/div>\n\t\t\t\t<\/div>\n\t\t\t\t<\/div>\n\t\t\t\t\t<\/div>\n\t\t<\/div>\n\t\t\t\t\t<\/div>\n\t\t<\/section>\n\t\t\t\t<section class=\"elementor-section elementor-top-section elementor-element elementor-element-36782602 elementor-section-boxed elementor-section-height-default elementor-section-height-default\" data-id=\"36782602\" data-element_type=\"section\">\n\t\t\t\t\t\t<div class=\"elementor-container elementor-column-gap-default\">\n\t\t\t\t\t<div class=\"elementor-column elementor-col-50 elementor-top-column elementor-element elementor-element-6756f1f6\" data-id=\"6756f1f6\" data-element_type=\"column\">\n\t\t\t<div class=\"elementor-widget-wrap elementor-element-populated\">\n\t\t\t\t\t\t<div class=\"elementor-element elementor-element-6e9e4afd elementor-view-default elementor-widget elementor-widget-icon\" data-id=\"6e9e4afd\" data-element_type=\"widget\" data-widget_type=\"icon.default\">\n\t\t\t\t<div class=\"elementor-widget-container\">\n\t\t\t\t\t<div class=\"elementor-icon-wrapper\">\n\t\t\t<a class=\"elementor-icon\" href=\"https:\/\/siye.com.ar\/index.php\/unifamiliar\/\">\n\t\t\t<i aria-hidden=\"true\" class=\"fas fa-chevron-left\"><\/i>\t\t\t<\/a>\n\t\t<\/div>\n\t\t\t\t<\/div>\n\t\t\t\t<\/div>\n\t\t\t\t\t<\/div>\n\t\t<\/div>\n\t\t\t\t<div class=\"elementor-column elementor-col-50 elementor-top-column elementor-element elementor-element-748979d6\" data-id=\"748979d6\" data-element_type=\"column\">\n\t\t\t<div class=\"elementor-widget-wrap elementor-element-populated\">\n\t\t\t\t\t\t<div class=\"elementor-element elementor-element-524a5b26 elementor-widget elementor-widget-heading\" data-id=\"524a5b26\" data-element_type=\"widget\" data-widget_type=\"heading.default\">\n\t\t\t\t<div class=\"elementor-widget-container\">\n\t\t\t<h5 class=\"elementor-heading-title elementor-size-default\"><a href=\"https:\/\/siye.com.ar\/index.php\/unifamiliar\/\">volver<\/a><\/h5>\t\t<\/div>\n\t\t\t\t<\/div>\n\t\t\t\t\t<\/div>\n\t\t<\/div>\n\t\t\t\t\t<\/div>\n\t\t<\/section>\n\t\t\t\t<section class=\"elementor-section elementor-top-section elementor-element elementor-element-205df0ae elementor-section-boxed elementor-section-height-default elementor-section-height-default\" data-id=\"205df0ae\" data-element_type=\"section\">\n\t\t\t\t\t\t<div class=\"elementor-container elementor-column-gap-default\">\n\t\t\t\t\t<div class=\"elementor-column elementor-col-100 elementor-top-column elementor-element elementor-element-34a8537\" data-id=\"34a8537\" data-element_type=\"column\">\n\t\t\t<div class=\"elementor-widget-wrap elementor-element-populated\">\n\t\t\t\t\t\t<div class=\"elementor-element elementor-element-3f97ddd5 elementor-widget elementor-widget-spacer\" data-id=\"3f97ddd5\" data-element_type=\"widget\" data-widget_type=\"spacer.default\">\n\t\t\t\t<div class=\"elementor-widget-container\">\n\t\t\t\t\t<div class=\"elementor-spacer\">\n\t\t\t<div class=\"elementor-spacer-inner\"><\/div>\n\t\t<\/div>\n\t\t\t\t<\/div>\n\t\t\t\t<\/div>\n\t\t\t\t\t<\/div>\n\t\t<\/div>\n\t\t\t\t\t<\/div>\n\t\t<\/section>\n\t\t\t\t<\/div>\n\t\t","protected":false},"excerpt":{"rendered":"<p>&#8211; CASA EVM &#8211; Proyecto: Slepoy estudio + Arq. Francisco Ribero. Construcci\u00f3n y direcci\u00f3n de obra: SIYE. Ubicaci\u00f3n: Estancia Villa [&hellip;]<\/p>\n","protected":false},"author":1,"featured_media":0,"parent":0,"menu_order":0,"comment_status":"closed","ping_status":"closed","template":"page-templates\/template_page-builder.php","meta":{"_joinchat":[]},"_links":{"self":[{"href":"https:\/\/siye.com.ar\/index.php\/wp-json\/wp\/v2\/pages\/1967"}],"collection":[{"href":"https:\/\/siye.com.ar\/index.php\/wp-json\/wp\/v2\/pages"}],"about":[{"href":"https:\/\/siye.com.ar\/index.php\/wp-json\/wp\/v2\/types\/page"}],"author":[{"embeddable":true,"href":"https:\/\/siye.com.ar\/index.php\/wp-json\/wp\/v2\/users\/1"}],"replies":[{"embeddable":true,"href":"https:\/\/siye.com.ar\/index.php\/wp-json\/wp\/v2\/comments?post=1967"}],"version-history":[{"count":0,"href":"https:\/\/siye.com.ar\/index.php\/wp-json\/wp\/v2\/pages\/1967\/revisions"}],"wp:attachment":[{"href":"https:\/\/siye.com.ar\/index.php\/wp-json\/wp\/v2\/media?parent=1967"}],"curies":[{"name":"wp","href":"https:\/\/api.w.org\/{rel}","templated":true}]}}