{"id":977,"date":"2019-08-13T16:14:11","date_gmt":"2019-08-13T19:14:11","guid":{"rendered":"http:\/\/siye.com.ar\/?page_id=977"},"modified":"2019-08-15T16:09:49","modified_gmt":"2019-08-15T19:09:49","slug":"instituto-superior-de-seguridad-publica-2","status":"publish","type":"page","link":"https:\/\/siye.com.ar\/index.php\/instituto-superior-de-seguridad-publica-2\/","title":{"rendered":"Instituto Superior de Seguridad P\u00fablica"},"content":{"rendered":"\t\t<div data-elementor-type=\"wp-post\" data-elementor-id=\"977\" class=\"elementor elementor-977\">\n\t\t\t\t\t\t<section class=\"elementor-section elementor-top-section elementor-element elementor-element-c42a18b elementor-section-boxed elementor-section-height-default elementor-section-height-default\" data-id=\"c42a18b\" data-element_type=\"section\">\n\t\t\t\t\t\t<div class=\"elementor-container elementor-column-gap-default\">\n\t\t\t\t\t<div class=\"elementor-column elementor-col-100 elementor-top-column elementor-element elementor-element-4e2c144\" data-id=\"4e2c144\" data-element_type=\"column\">\n\t\t\t<div class=\"elementor-widget-wrap elementor-element-populated\">\n\t\t\t\t\t\t<div class=\"elementor-element elementor-element-8929860 elementor-widget elementor-widget-heading\" data-id=\"8929860\" data-element_type=\"widget\" data-widget_type=\"heading.default\">\n\t\t\t\t<div class=\"elementor-widget-container\">\n\t\t\t<h2 class=\"elementor-heading-title elementor-size-default\">- INSTITUTO DE SEGURIDAD P\u00daBLICA -<\/h2>\t\t<\/div>\n\t\t\t\t<\/div>\n\t\t\t\t\t<\/div>\n\t\t<\/div>\n\t\t\t\t\t<\/div>\n\t\t<\/section>\n\t\t\t\t<section class=\"elementor-section elementor-top-section elementor-element elementor-element-bc23c66 elementor-section-boxed elementor-section-height-default elementor-section-height-default\" data-id=\"bc23c66\" data-element_type=\"section\">\n\t\t\t\t\t\t<div class=\"elementor-container elementor-column-gap-default\">\n\t\t\t\t\t<div class=\"elementor-column elementor-col-100 elementor-top-column elementor-element elementor-element-6ad1eda\" data-id=\"6ad1eda\" data-element_type=\"column\">\n\t\t\t<div class=\"elementor-widget-wrap elementor-element-populated\">\n\t\t\t\t\t\t<div class=\"elementor-element elementor-element-5100e50 elementor-widget-divider--view-line elementor-widget elementor-widget-divider\" data-id=\"5100e50\" data-element_type=\"widget\" data-widget_type=\"divider.default\">\n\t\t\t\t<div class=\"elementor-widget-container\">\n\t\t\t\t\t<div class=\"elementor-divider\">\n\t\t\t<span class=\"elementor-divider-separator\">\n\t\t\t\t\t\t<\/span>\n\t\t<\/div>\n\t\t\t\t<\/div>\n\t\t\t\t<\/div>\n\t\t\t\t<div class=\"elementor-element elementor-element-f373699 elementor-widget elementor-widget-text-editor\" data-id=\"f373699\" data-element_type=\"widget\" data-widget_type=\"text-editor.default\">\n\t\t\t\t<div class=\"elementor-widget-container\">\n\t\t\t\t\t\t\t<ul><li>Proyecto, c\u00e1lculo estructural, construcci\u00f3n y direcci\u00f3n de obra: <strong>Slepoy estudio + SIYE S.A.<\/strong><\/li><li>Ubicaci\u00f3n: <strong>C.A.B.A.<\/strong><\/li><li>A\u00f1o de finalizaci\u00f3n: <strong>2015.<\/strong><\/li><li>Categor\u00eda: <strong>obra nueva.<\/strong><\/li><\/ul>\t\t\t\t\t\t<\/div>\n\t\t\t\t<\/div>\n\t\t\t\t\t<\/div>\n\t\t<\/div>\n\t\t\t\t\t<\/div>\n\t\t<\/section>\n\t\t\t\t<section class=\"elementor-section elementor-top-section elementor-element elementor-element-a1524e6 elementor-section-boxed elementor-section-height-default elementor-section-height-default\" data-id=\"a1524e6\" data-element_type=\"section\">\n\t\t\t\t\t\t<div class=\"elementor-container elementor-column-gap-default\">\n\t\t\t\t\t<div class=\"elementor-column elementor-col-100 elementor-top-column elementor-element elementor-element-49f157e\" data-id=\"49f157e\" data-element_type=\"column\">\n\t\t\t<div class=\"elementor-widget-wrap elementor-element-populated\">\n\t\t\t\t\t\t<div class=\"elementor-element elementor-element-14d0e5f elementor-widget elementor-widget-shortcode\" data-id=\"14d0e5f\" data-element_type=\"widget\" data-widget_type=\"shortcode.default\">\n\t\t\t\t<div class=\"elementor-widget-container\">\n\t\t\t\t\t<div class=\"elementor-shortcode\"><!-- Final Tiles Grid Gallery for WordPress v3.5.8 free --><style>#ftg-1717 .tile .icon { color:#ffffff; }#ftg-1717 .ftg-items .loading-bar i { background:#666; }#ftg-1717 .ftg-items .loading-bar { background:#fff; }#ftg-1717 .tile .icon { font-size:12px; }#ftg-1717 .tile .icon { margin: -6px 0 0 -6px; }#ftg-1717 .tile .caption-block .text-wrapper span.text { font-size:12px; }#ftg-1717 .tile .caption-outside .text-wrapper span.text { font-size:12px; }#ftg-1717 .tile .caption-block .text-wrapper span.title { font-size:14px; }#ftg-1717 .tile .caption-outside .text-wrapper span.title { font-size:14px; }#ftg-1717 .tile { background-color: transparent; }#ftg-1717 .tile .caption-block .text-wrapper span.text { color: #ffffff; }#ftg-1717 .tile .caption-block .text-wrapper span.title { color: #ffffff; }#ftg-1717 .tile .caption-outside .text-wrapper span.text { color: #ffffff; }#ftg-1717 .tile .caption-outside .text-wrapper span.title { color: #ffffff; }#ftg-1717 .tile .ftg-social a { color: #ffffff; }#ftg-1717 .tile .caption-block { transition-duration:0.25s; }#ftg-1717 .tile .tile-inner:before { background-color: #000000; }#ftg-1717 .tile .tile-inner:before { background-color: rgba(0, 0, 0, 0.8); }#ftg-1717 .tile:hover img {-moz-transform: -moz-rotate(0deg) -moz-scale(0) ;-webkit-transform: -webkit-rotate(0deg) -webkit-scale(0) ;-o-transform: -o-rotate(0deg) -o-scale(0) ;-ms-transform: -ms-rotate(0deg) -ms-scale(0) ;transform: rotate(0deg) scale(0) ;}<\/style><a name='17'><\/a><div class='final-tiles-gallery  ftg-hover-enabled caption-inside  caption-none caption-middle caption-center' id='ftg-1717' style='width:100%'><div class='ftg-items'><div class='loading-bar'><i><\/i><\/div><div  class='tile ftg-preload  '><a title=\"\" data-lightbox='ftg-1717' rel='ftg-1717'  class=' tile-inner  ftg-lightbox' href='https:\/\/siye.com.ar\/wp-content\/uploads\/2019\/08\/siye-arquitectura-espacios-de-trabajo-instituto-superior-de-seguridad-publica-foto-1.jpg' ><img alt='' class='item skip-lazy' data-class='item' data-ftg-source='http:\/\/siye.com.ar\/wp-content\/uploads\/2019\/08\/siye-arquitectura-espacios-de-trabajo-instituto-superior-de-seguridad-publica-foto-1.jpg' src='http:\/\/siye.com.ar\/wp-content\/uploads\/2019\/08\/siye-arquitectura-espacios-de-trabajo-instituto-superior-de-seguridad-publica-foto-1.jpg' width='600' height='900' \/><\/a><div class='ftg-social'><\/div><\/div><div  class='tile ftg-preload  '><a title=\"\" data-lightbox='ftg-1717' rel='ftg-1717'  class=' tile-inner  ftg-lightbox' href='https:\/\/siye.com.ar\/wp-content\/uploads\/2019\/08\/siye-arquitectura-espacios-de-trabajo-instituto-superior-de-seguridad-publica-foto-2.jpg' ><img alt='' class='item skip-lazy' data-class='item' data-ftg-source='http:\/\/siye.com.ar\/wp-content\/uploads\/2019\/08\/siye-arquitectura-espacios-de-trabajo-instituto-superior-de-seguridad-publica-foto-2.jpg' src='http:\/\/siye.com.ar\/wp-content\/uploads\/2019\/08\/siye-arquitectura-espacios-de-trabajo-instituto-superior-de-seguridad-publica-foto-2.jpg' width='600' height='900' \/><\/a><div class='ftg-social'><\/div><\/div><div  class='tile ftg-preload  '><a title=\"\" data-lightbox='ftg-1717' rel='ftg-1717'  class=' tile-inner  ftg-lightbox' href='https:\/\/siye.com.ar\/wp-content\/uploads\/2019\/08\/siye-arquitectura-espacios-de-trabajo-instituto-superior-de-seguridad-publica-foto-3.jpg' ><img alt='' class='item skip-lazy' data-class='item' data-ftg-source='http:\/\/siye.com.ar\/wp-content\/uploads\/2019\/08\/siye-arquitectura-espacios-de-trabajo-instituto-superior-de-seguridad-publica-foto-3.jpg' src='http:\/\/siye.com.ar\/wp-content\/uploads\/2019\/08\/siye-arquitectura-espacios-de-trabajo-instituto-superior-de-seguridad-publica-foto-3.jpg' width='600' height='900' \/><\/a><div class='ftg-social'><\/div><\/div><div  class='tile ftg-preload  '><a title=\"\" data-lightbox='ftg-1717' rel='ftg-1717'  class=' tile-inner  ftg-lightbox' href='https:\/\/siye.com.ar\/wp-content\/uploads\/2019\/08\/siye-arquitectura-espacios-de-trabajo-instituto-superior-de-seguridad-publica-foto-4.jpg' ><img alt='' class='item skip-lazy' data-class='item' data-ftg-source='http:\/\/siye.com.ar\/wp-content\/uploads\/2019\/08\/siye-arquitectura-espacios-de-trabajo-instituto-superior-de-seguridad-publica-foto-4.jpg' src='http:\/\/siye.com.ar\/wp-content\/uploads\/2019\/08\/siye-arquitectura-espacios-de-trabajo-instituto-superior-de-seguridad-publica-foto-4.jpg' width='600' height='900' \/><\/a><div class='ftg-social'><\/div><\/div><div  class='tile ftg-preload  '><a title=\"\" data-lightbox='ftg-1717' rel='ftg-1717'  class=' tile-inner  ftg-lightbox' href='https:\/\/siye.com.ar\/wp-content\/uploads\/2019\/08\/siye-arquitectura-espacios-de-trabajo-instituto-superior-de-seguridad-publica-foto-6.jpg' ><img alt='' class='item skip-lazy' data-class='item' data-ftg-source='http:\/\/siye.com.ar\/wp-content\/uploads\/2019\/08\/siye-arquitectura-espacios-de-trabajo-instituto-superior-de-seguridad-publica-foto-6.jpg' src='http:\/\/siye.com.ar\/wp-content\/uploads\/2019\/08\/siye-arquitectura-espacios-de-trabajo-instituto-superior-de-seguridad-publica-foto-6.jpg' width='600' height='400' \/><\/a><div class='ftg-social'><\/div><\/div><div  class='tile ftg-preload  '><a title=\"\" data-lightbox='ftg-1717' rel='ftg-1717'  class=' tile-inner  ftg-lightbox' href='https:\/\/siye.com.ar\/wp-content\/uploads\/2019\/08\/siye-arquitectura-espacios-de-trabajo-instituto-superior-de-seguridad-publica-foto-7.jpg' ><img alt='' class='item skip-lazy' data-class='item' data-ftg-source='http:\/\/siye.com.ar\/wp-content\/uploads\/2019\/08\/siye-arquitectura-espacios-de-trabajo-instituto-superior-de-seguridad-publica-foto-7.jpg' src='http:\/\/siye.com.ar\/wp-content\/uploads\/2019\/08\/siye-arquitectura-espacios-de-trabajo-instituto-superior-de-seguridad-publica-foto-7.jpg' width='600' height='400' \/><\/a><div class='ftg-social'><\/div><\/div><div  class='tile ftg-preload  '><a title=\"\" data-lightbox='ftg-1717' rel='ftg-1717'  class=' tile-inner  ftg-lightbox' href='https:\/\/siye.com.ar\/wp-content\/uploads\/2019\/08\/siye-arquitectura-espacios-de-trabajo-instituto-superior-de-seguridad-publica-foto9.jpg' ><img alt='' class='item skip-lazy' data-class='item' data-ftg-source='http:\/\/siye.com.ar\/wp-content\/uploads\/2019\/08\/siye-arquitectura-espacios-de-trabajo-instituto-superior-de-seguridad-publica-foto9.jpg' src='http:\/\/siye.com.ar\/wp-content\/uploads\/2019\/08\/siye-arquitectura-espacios-de-trabajo-instituto-superior-de-seguridad-publica-foto9.jpg' width='600' height='400' \/><\/a><div class='ftg-social'><\/div><\/div><div  class='tile ftg-preload  '><a title=\"\" data-lightbox='ftg-1717' rel='ftg-1717'  class=' tile-inner  ftg-lightbox' href='https:\/\/siye.com.ar\/wp-content\/uploads\/2019\/08\/siye-arquitectura-espacios-de-trabajo-instituto-superior-de-seguridad-publica-foto-9.jpg' ><img alt='' class='item skip-lazy' data-class='item' data-ftg-source='http:\/\/siye.com.ar\/wp-content\/uploads\/2019\/08\/siye-arquitectura-espacios-de-trabajo-instituto-superior-de-seguridad-publica-foto-9.jpg' src='http:\/\/siye.com.ar\/wp-content\/uploads\/2019\/08\/siye-arquitectura-espacios-de-trabajo-instituto-superior-de-seguridad-publica-foto-9.jpg' width='600' height='400' \/><\/a><div class='ftg-social'><\/div><\/div><\/div><\/div><script type='text\/javascript'>jQuery('#ftg-1717 img.item').removeAttr('src');jQuery(document).ready(function () {setTimeout(function () {jQuery('#ftg-1717').finalTilesGallery({minTileWidth: 250,margin: 10,loadMethod: 'sequential',nonce: '970cd7b497',galleryId: '17',setupFilters: true,layout: 'columns',debug: false,gridSize: 25,disableGridSizeBelow:800,allowEnlargement: true,columns: [[4000, 2],[1024, 2],[800, 2],[480, 2],[320, 2]],selectedFilter: 'n-a'});jQuery(function () {(function () {var rel = '';jQuery('#ftg-1717 .ftg-lightbox').click(function (e) {rel = jQuery(this).attr('rel');jQuery('#ftg-1717 .ftg-current').removeClass('ftg-current');jQuery('#ftg-1717 [rel=\"'+rel+'\"]').addClass('ftg-current');});})();});}, 0);});<\/script><\/div>\n\t\t\t\t<\/div>\n\t\t\t\t<\/div>\n\t\t\t\t\t<\/div>\n\t\t<\/div>\n\t\t\t\t\t<\/div>\n\t\t<\/section>\n\t\t\t\t<section class=\"elementor-section elementor-top-section elementor-element elementor-element-452d6dc elementor-section-boxed elementor-section-height-default elementor-section-height-default\" data-id=\"452d6dc\" data-element_type=\"section\">\n\t\t\t\t\t\t<div class=\"elementor-container elementor-column-gap-default\">\n\t\t\t\t\t<div class=\"elementor-column elementor-col-50 elementor-top-column elementor-element elementor-element-9d5bf63\" data-id=\"9d5bf63\" data-element_type=\"column\">\n\t\t\t<div class=\"elementor-widget-wrap elementor-element-populated\">\n\t\t\t\t\t\t<div class=\"elementor-element elementor-element-368e25d elementor-view-default elementor-widget elementor-widget-icon\" data-id=\"368e25d\" data-element_type=\"widget\" data-widget_type=\"icon.default\">\n\t\t\t\t<div class=\"elementor-widget-container\">\n\t\t\t\t\t<div class=\"elementor-icon-wrapper\">\n\t\t\t<a class=\"elementor-icon\" href=\"http:\/\/siye.com.ar\/index.php\/espacios-de-trabajo\/\">\n\t\t\t\t\t\t\t<i class=\"fa fa-chevron-left\" aria-hidden=\"true\"><\/i>\n\t\t\t\t\t\t<\/a>\n\t\t<\/div>\n\t\t\t\t<\/div>\n\t\t\t\t<\/div>\n\t\t\t\t\t<\/div>\n\t\t<\/div>\n\t\t\t\t<div class=\"elementor-column elementor-col-50 elementor-top-column elementor-element elementor-element-7898e1a\" data-id=\"7898e1a\" data-element_type=\"column\">\n\t\t\t<div class=\"elementor-widget-wrap elementor-element-populated\">\n\t\t\t\t\t\t<div class=\"elementor-element elementor-element-eed6d14 elementor-widget elementor-widget-heading\" data-id=\"eed6d14\" data-element_type=\"widget\" data-widget_type=\"heading.default\">\n\t\t\t\t<div class=\"elementor-widget-container\">\n\t\t\t<h5 class=\"elementor-heading-title elementor-size-default\"><a href=\"http:\/\/siye.com.ar\/index.php\/espacios-de-trabajo\/\">volver<\/a><\/h5>\t\t<\/div>\n\t\t\t\t<\/div>\n\t\t\t\t\t<\/div>\n\t\t<\/div>\n\t\t\t\t\t<\/div>\n\t\t<\/section>\n\t\t\t\t<section class=\"elementor-section elementor-top-section elementor-element elementor-element-2b846ce elementor-section-boxed elementor-section-height-default elementor-section-height-default\" data-id=\"2b846ce\" data-element_type=\"section\">\n\t\t\t\t\t\t<div class=\"elementor-container elementor-column-gap-default\">\n\t\t\t\t\t<div class=\"elementor-column elementor-col-100 elementor-top-column elementor-element elementor-element-bbdd96e\" data-id=\"bbdd96e\" data-element_type=\"column\">\n\t\t\t<div class=\"elementor-widget-wrap elementor-element-populated\">\n\t\t\t\t\t\t<div class=\"elementor-element elementor-element-eaf87cf elementor-widget elementor-widget-spacer\" data-id=\"eaf87cf\" data-element_type=\"widget\" data-widget_type=\"spacer.default\">\n\t\t\t\t<div class=\"elementor-widget-container\">\n\t\t\t\t\t<div class=\"elementor-spacer\">\n\t\t\t<div class=\"elementor-spacer-inner\"><\/div>\n\t\t<\/div>\n\t\t\t\t<\/div>\n\t\t\t\t<\/div>\n\t\t\t\t\t<\/div>\n\t\t<\/div>\n\t\t\t\t\t<\/div>\n\t\t<\/section>\n\t\t\t\t<\/div>\n\t\t","protected":false},"excerpt":{"rendered":"<p>&#8211; INSTITUTO DE SEGURIDAD P\u00daBLICA &#8211; Proyecto, c\u00e1lculo estructural, construcci\u00f3n y direcci\u00f3n de obra: Slepoy estudio + SIYE S.A. Ubicaci\u00f3n: [&hellip;]<\/p>\n","protected":false},"author":1,"featured_media":0,"parent":0,"menu_order":0,"comment_status":"closed","ping_status":"closed","template":"page-templates\/template_page-builder.php","meta":{"_joinchat":[]},"_links":{"self":[{"href":"https:\/\/siye.com.ar\/index.php\/wp-json\/wp\/v2\/pages\/977"}],"collection":[{"href":"https:\/\/siye.com.ar\/index.php\/wp-json\/wp\/v2\/pages"}],"about":[{"href":"https:\/\/siye.com.ar\/index.php\/wp-json\/wp\/v2\/types\/page"}],"author":[{"embeddable":true,"href":"https:\/\/siye.com.ar\/index.php\/wp-json\/wp\/v2\/users\/1"}],"replies":[{"embeddable":true,"href":"https:\/\/siye.com.ar\/index.php\/wp-json\/wp\/v2\/comments?post=977"}],"version-history":[{"count":0,"href":"https:\/\/siye.com.ar\/index.php\/wp-json\/wp\/v2\/pages\/977\/revisions"}],"wp:attachment":[{"href":"https:\/\/siye.com.ar\/index.php\/wp-json\/wp\/v2\/media?parent=977"}],"curies":[{"name":"wp","href":"https:\/\/api.w.org\/{rel}","templated":true}]}}